of o?
0
Suppose -3*o - 4 = -o. What is the units digit of ((-4)/(-3))/(o/(-39))?
6
Suppose -142 = 5*d + 58. Let n = -26 - d. What is the tens digit of n?
1
Let m(u) = u**2 - 10*u - 10. What is the units digit of m(11)?
1
Suppose -4*g + 2*g - 3 = -p, -3*g - p - 7 = 0. Let n be ((-36)/g)/((-6)/(-4)). What is the units digit of (-3)/n + 10/8?
1
Let m(p) = p**3 + 7*p**2 - 4*p - 8. What is the tens digit of m(-7)?
2
Let u = 10 - 4. Let y be 9/15 + u/15. Suppose 16 = 3*p + y. What is the units digit of p?
5
Let j = -15 + 8. Let f = -6 - j. What is the units digit of f?
1
Let j(u) = -u**2 + 18*u - 12. What is the tens digit of j(12)?
6
Let s(p) = p**2 + 7*p - 2. Let y be s(-7). What is the units digit of 154/12 + y/(-12)?
3
Let m be ((-6)/8)/((-1)/(-4)). Let a = 6 + m. What is the units digit of (2 - -1)/a + 1?
2
Let w = 6 + -8. Let p be (4 + w - -1) + 0. What is the units digit of 4/p + (-4)/(-6)?
2
Let y(g) = 3*g - 16. Let w be y(6). Let z be (-1)/(-1 - 1/(-2)). Suppose -z*a + 3*i + 29 = w*a, i + 15 = 2*a. What is the units digit of a?
8
Let r = 7 - 11. Let w = 4 + r. What is the units digit of w/(1 + 1) + 1?
1
Let s(h) = -h. What is the units digit of s(-4)?
4
Let n(s) = 5*s**2 - s + 6. Let j be n(5). Suppose 4*u + 5*p - j = 0, 4*u - 108 = 4*p - 0*p. What is the tens digit of u?
2
Let c(v) = 3*v**2 + v - 1. What is the units digit of c(-4)?
3
What is the hundreds digit of 178*1 + (-3 + 5)*-2?
1
Let j be 1 - ((-12)/2)/1. Suppose -5*z = -47 + j. What is the units digit of z?
8
Let t = -10 - -11. Suppose t = l - 25. What is the tens digit of l?
2
Suppose -5*q + 4 = -16. Suppose -2*o - q = 0, 3*l - 4*o - 20 = l. What is the units digit of l?
6
Let v be (-1)/(2 + (-22)/10). Suppose 5*t + h - 141 = -22, -v*t - 5*h + 115 = 0. What is the units digit of t?
4
Let j(t) = -t**3 - 5*t**2 - 6*t + 1. Let o be j(-5). Let p = 52 - o. What is the units digit of p?
1
Let n(f) = 16*f**2 - f + 1. Let o be n(2). Suppose 41 = 2*q - p, -5*q + 2*q + 2*p + o = 0. What is the tens digit of q?
1
Suppose -342 = -7*b + b. Suppose -b = -30*y + 27*y. What is the tens digit of y?
1
Let f be 14/((-1 + -1)/(-24)). Suppose -f = -3*t - t. Suppose -6*g + t = -3*g. What is the tens digit of g?
1
Let z(m) = -m**3 - 7*m**2 - 5*m + 6. Let i be z(-6). Let k(u) = -2*u**3 - u**3 + 2*u**3 + i*u**3 + 3*u + 6*u**2 - 6. What is the tens digit of k(6)?
1
Suppose 5*v - 3*d - 16 = 0, 0*v = 3*v + d - 4. Suppose -w + t + 10 = 0, v*w + t - 5*t - 16 = 0. What is the units digit of w?
2
Let c = -39 + 72. What is the tens digit of c?
3
Let o(u) = 5*u - 16. What is the tens digit of o(12)?
4
Suppose 4 = -2*m + 2. What is the tens digit of 1*m*(-3 + -8)?
1
Let r = -30 - -216. What is the tens digit of r?
8
Let p = -2 + 33. What is the tens digit of p?
3
What is the units digit of 0 - (-2 + 1 + -57)?
8
Let b be 490/15*6/4. Suppose b = 2*i + 7. What is the units digit of i?
1
Let x(o) = 8 - 3*o - 2*o - 2*o + 0*o. What is the tens digit of x(-5)?
4
Suppose 0 = 10*n - 9*n - 1. What is the units digit of n?
1
Let h(y) = 3*y - 4. Let g be h(3). Suppose 0*p + 115 = g*p. What is the tens digit of p?
2
Suppose -r = 4*r + 20. Let x = 6 + r. Suppose 5*s - g = 8, x*g + g - 8 = -s. What is the units digit of s?
2
Suppose 5*w - 2*w + 5*v - 150 = 0, -4*v = -3*w + 123. Suppose 5*h - 3*r + w = 0, r - 3 = 2. Let o(t) = t**3 + 6*t**2 - 3*t - 5. What is the units digit of o(h)?
3
Let u(h) = 7*h**2 + h - 2. Suppose -3 = -3*a - 0*a - 3*i, 0 = 4*a + 3*i - 1. What is the units digit of u(a)?
4
Let o(p) = -4*p**3 - p**2 - p - 1. What is the units digit of o(-1)?
3
Suppose 0 = -u + 4*h + 7, -5*u + u + 2 = -3*h. Let j be (-36)/6 - (u + -1). What is the units digit of (-44)/j - (0 - 1)?
2
Suppose -9 = -k - 4. Let f = -52 - -77. Suppose -3*q + 8*q = -2*u + f, -q + k = -5*u. What is the units digit of q?
5
Let n = 69 + -47. What is the units digit of n?
2
Let x(c) = 3*c**2 - 2*c - 10. Let y(m) = -7*m**2 + 4*m + 21. Let q(l) = -9*x(l) - 4*y(l). What is the tens digit of q(-6)?
3
Let w = 570 + -244. Suppose -3*k = 0, 5*p - w = -2*k - 66. What is the tens digit of p?
5
Let d = -102 + 168. What is the units digit of d?
6
Suppose -h = -y + 5*y, 0 = -2*y - 2. Suppose 6*w + 6 = h*w. What is the tens digit of 0/w + 9 + 1?
1
Let b = 3 - -2. What is the tens digit of ((-18)/b)/((-3)/10)?
1
Let f(w) = -w**3 + 5*w**2 - w + 7. Let r be f(5). Suppose 3*s - r*h - 17 = 0, -2*s + h = -4*h - 26. What is the units digit of ((9*-3)/s)/(-1)?
9
Let z = 1 - -14. What is the units digit of z?
5
Let o(x) = x**3 + 4*x**2 - 3*x - 5. Let b be o(-5). Let s = b - -24. What is the units digit of s?
9
Let i(s) = -s**3 - 8*s**2 - 7*s + 4. Let f(v) = -v**2 - 2*v - 4. Let w be f(-3). What is the units digit of i(w)?
4
Suppose 33 = 3*c - 3*g + 2*g, 2*c + g - 17 = 0. Let u = c - 0. What is the units digit of u?
0
Let t(s) = -5*s. Let r(k) = -k**2 - k + 1. Let o(u) = r(u) + t(u). What is the units digit of o(-5)?
6
Suppose p - 30 - 16 = 0. What is the units digit of p?
6
Let v(d) = 9*d - 4. Let h be v(3). Suppose 5*n + h = 98. Suppose -3*r + 3*i + n = 0, 5*r + 4*i - 33 = i. What is the units digit of r?
6
Let t(n) = n**3 - 13*n**2 - 3*n + 6. What is the hundreds digit of t(14)?
1
Let p(b) = 30*b**2 - 2*b + 4. What is the units digit of p(-3)?
0
Suppose 3*p - 71 = -14. What is the units digit of p?
9
Suppose -2*g = 2*g + 4. What is the tens digit of ((-26)/(-8))/(g/(-8))?
2
Suppose 7 = f - 8. What is the units digit of f?
5
Suppose 4*y = -4*g + 4, -2*g + 4*y - 14 = 8. Let c = g + 5. Suppose -c*n = n - 33. What is the units digit of n?
1
Suppose 0 = 2*m + 2*m. Let t(u) = u**2 - u + 8. Let r be t(m). What is the units digit of 3/12 + 62/r?
8
Let t(d) = 3*d**3 - 3*d**2 + 19*d + 8. Let c(a) = a**3 - 2*a**2 + 9*a + 4. Let y(m) = -5*c(m) + 2*t(m). Let j = 9 - 14. What is the units digit of y(j)?
6
Let c(l) = l**2 - 3*l - 8. Let p be c(6). Let f(k) = 2*k + 48. Let g be f(-21). Suppose -4*y + p = 3*m, 3*m + y = g*y + 1. What is the units digit of m?
2
Suppose 0 = 5*y - 4*y - 5. Suppose -59 = -y*s - 3*g + 6*g, 2*s + 5*g - 36 = 0. What is the units digit of s?
3
Let s = 82 + -39. What is the units digit of s?
3
Suppose -19*p + 218 = -17*p. What is the hundreds digit of p?
1
What is the tens digit of (-4)/28 - (-10)/28*34?
1
Suppose 8*a - 696 = 2*a. What is the units digit of a?
6
Let v(q) = q**2 - 6*q - 13. What is the tens digit of v(9)?
1
Let r = -163 - -237. Let x = 106 - r. What is the units digit of x?
2
Let y(j) be the third derivative of j**5/60 + 5*j**4/24 + 2*j**3/3 + 3*j**2. What is the units digit of y(-6)?
0
Suppose 2 = 3*w + 2*c, 0 = -2*c - c + 3. Suppose -3*q - 2*q + 4*o - 26 = 0, -4*o - 4 = w. Let a(t) = t**3 + 6*t**2 - t - 5. What is the units digit of a(q)?
1
Let n be ((-6)/3)/((-2)/4). Suppose 24 = -n*b - 0*b. What is the units digit of 28/b*6/(-4)?
7
Let k(y) = y + 9. Let n be k(-6). Let o = n - -6. What is the units digit of o?
9
Let n be -3 + 4 - (-4)/2. Suppose -n*r = -7*r. Suppose r = 4*f - 47 - 41. What is the tens digit of f?
2
Let f = -12 + 351. What is the units digit of f?
9
Let t be (-34)/(-4) + 2/(-4). Suppose -4*h + 10 + 2 = 3*m, 2*m = t. Suppose -4*x + 2*o + 30 = -h*x, 5*x - o - 39 = 0. What is the units digit of x?
8
Suppose -9*p + 8*p = -35. What is the tens digit of p?
3
Suppose -n - n + 314 = 0. What is the units digit of n?
7
Let a(d) = -1 + 11 - 11*d - 9. What is the tens digit of a(-2)?
2
Let w(s) = -s**3 + 8*s**2 - 6*s - 10. Suppose 2*z + 31 = 5*q, -3*q + 2*z + 0*z = -17. Let k be w(q). What is the units digit of k/((-9)/15) + -1?
4
Let l = -569 + 943. What is the hundreds digit of l?
3
Suppose -25*k = -32*k + 1078. What is the tens digit of k?
5
Let t(x) = -x**2 + 6*x + 2. Let g be t(6). Suppose -5*y - 51 = -4*j, g*j - 5*y - 25 = -2*y. What is the units digit of j?
4
Let b(w) = -12*w + 5. What is the tens digit of b(-10)?
2
Let q be (16/20)/((-2)/(-5)). Let g = 16 + -11. Suppose 0 = -q*y + g - 1. What is the units digit of y?
2
Let m(t) = -7*t + 8. Let a(c) = -c**2 - c + 6. Let d be a(3). What is the tens digit of m(d)?
5
Let x(b) = 44*b**2 - b + 2. Let h be x(2). Suppose 5*i - h = 14. What is the tens digit of i?
3
Let s(b) = 0*b**2 - 1 - 3*b + 10*b**2 - 6*b**2. What is the units digit of s(-2)?
1
Let z(t) = t - 4. What is the units dig